
False
Suppose v + s = -3*s + 5257, 2*v + 3*s - 10534 = 0. Is v composite?
False
Let o(d) = -48*d + 98. Is o(-6) a composite number?
True
Let r be (-5)/(10/(-6) + (-10)/(-15)). Suppose 4*b + 3*k - 2334 = 2125, 0 = 2*b + r*k - 2247. Is b a composite number?
True
Let o = -3 - -30. Let v = 27 - o. Suppose v = -c - 3*w + 322, -2*c + 3*c + w = 312. Is c composite?
False
Let v be (-4)/(-24) - 31/6. Let b be (13*38)/((-5)/v). Suppose 0 = -2*x + 36 + b. Is x a composite number?
True
Let x(o) = o**3 - 3*o**2 + 2*o + 1. Let w be (-4 + 3)/((-2)/22). Is x(w) a prime number?
True
Suppose 2*y = 3*i - 92275, -2*i - 6*y + 17090 = -44412. Is i prime?
True
Let k(v) = -55*v + 11. Let i be k(-6). Suppose 0 = -2*u - 3*t + i, -t = 2*u + u - 529. Is u a prime number?
False
Let b be (7 - 3) + 5 + -5. Let x(m) = 8*m**3 - 6*m**2 - m + 7. Is x(b) prime?
True
Let h(g) be the third derivative of -g**4/24 + g**3/2 + 4*g**2. Let w be h(3). Let q(k) = k**3 + k**2 + k + 89. Is q(w) a prime number?
True
Let y(h) = h**3 + 20*h**2 - 19*h - 37. Let j be (5 - 65/15)*27*-1. Is y(j) prime?
True
Suppose 0 = 2*b - s + 5, 0 = -b - 0*b + 5*s + 2. Is (b - -9)/3 - -159 prime?
False
Let k(l) = 958*l**3 + l. Suppose 7 = 4*n - 3*z, 3 = 2*n - z - 0. Is k(n) a prime number?
False
Suppose 31678 = 2*q - 3*y, 20 = -3*y - 2*y. Is q a prime number?
False
Let p = 124 - 122. Suppose -2*a + 206 = -5*r, -p*a - r + 206 = -0*a. Is a prime?
True
Is (-2325144)/(-228) + (-5 - 0/(-2)) composite?
False
Suppose 0 = 40*i + 405144 - 1228864. Is i composite?
False
Let x be (-11 + -1)/3*-1. Suppose 0*m + 4*m + 3*p = -7, -5*m = -x*p - 30. Suppose -m*l + 5*s + 367 = 0, -3*l + 0*s = 3*s - 582. Is l prime?
True
Let j(y) be the second derivative of -4*y + 0 - 235/6*y**3 - 1/2*y**2. Is j(-2) a prime number?
False
Is 4 - -3 - 148*-18 a prime number?
True
Suppose -2*a + 60184 = 4*u + 6866, -5*a + 66660 = 5*u. Is u composite?
False
Suppose 0 = 2*c - 4*r - 8, -4*c + 14 + 2 = r. Suppose -g + 5*m = g, -m - 18 = -c*g. Suppose -2*k = 2*x - x - 581, 2*k = g*x + 611. Is k a prime number?
True
Let v be 0/(((-5)/15)/((-2)/(-6))). Let a(c) = 4*c**2 - 2*c + 1577. Is a(v) composite?
True
Suppose -13*v - 56 = -9*v. Is -11*(v + -4 + 5) a prime number?
False
Let i be (-12)/90 + (-2)/(-15). Suppose 0 = o - i*o. Suppose o = v + 5*u - 698, -4*u + 3*u = -5*v + 3412. Is v prime?
True
Is (-1 + 0)/((-5)/61135) a prime number?
True
Let i(g) = -g - 6. Let q be ((-5)/(-2)*6)/(-1). Let m be i(q). Suppose m*s = 10*s - 31. Is s a prime number?
True
Let r(l) = l**3 - 12*l**2 + 11*l + 3. Let c be r(11). Suppose 5*f - 11 = 2*j, 4*j - 2*j + c = -3*f. Is (254/j)/(24/(-36)) a prime number?
True
Let u = 11103 + -1320. Suppose 0 = -4*j - 5*j + u. Is j a prime number?
True
Let u(r) = 118*r - 183*r - 67*r - 143*r + 3. Is u(-2) a composite number?
True
Let v(u) = 198*u + 5. Let m(p) = -p**3 - 4*p**2 + 1. Let n be m(-4). Is v(n) composite?
True
Suppose 46*j - 1353657 = 174601. Is j composite?
False
Let n = -57014 + 86501. Is n a composite number?
True
Let f(z) = 3*z**3 + 6*z**2 - 4*z + 6. Let u(x) = x**3 + x**2 + x. Let l(t) = f(t) - 2*u(t). Is l(3) a prime number?
False
Suppose 11628 = 3*q - 3*z, 5177 - 16801 = -3*q + 5*z. Let f = 7525 - q. Is f prime?
False
Suppose -2 - 3 = 4*k + 5*w, -5 = -5*k - 4*w. Let m(b) = 12*b + k*b**2 - 13*b - 2 + 1. Is m(-7) prime?
True
Is (-2 - (0 + 5)) + 5 - -34513 composite?
False
Is 6 + 2 + 6796/4 a composite number?
True
Let p be 1/((-71)/(-14) - 5). Is 4/p + (-5732)/(-28) composite?
True
Let j = 6 - 0. Let g = 10 - j. Is 469 - (g/(-4) + 1) prime?
False
Suppose 0 = 4*m + z - 3*z + 7416, m + 1854 = 2*z. Let f = m + 2761. Is f prime?
True
Let u be 1 + (-10)/(-2) - 4. Suppose 32 = -u*b + 454. Is b a composite number?
False
Let p(r) = r**2 + 12*r + 2. Let w be p(-12). Suppose -2*n + w*o + 894 = 0, -4*o + 626 - 179 = n. Suppose n = 3*s - 0*s. Is s prime?
True
Let s = 841 + 222. Let k = 60 + s. Is k prime?
True
Let a = -28 + 35. Is (-3 - a)*4792/(-16) prime?
False
Suppose 0 = 2*u + l - 5265 - 3472, -2*u + 8739 = -l. Is u composite?
True
Let f = 6 - 1. Suppose 0 = -l + f*l. Suppose l = -i - 0*s - 5*s + 68, 5*i - 277 = -4*s. Is i prime?
True
Let s(l) = 7*l**2 - l - 3. Let a be s(4). Suppose i - 651 = g - a, -5*g - 1648 = -3*i. Is i composite?
False
Suppose -3*v + 2*t = -15, -v - 2*t = 4*v - 25. Suppose 0*f = -v*f + 590. Is f a prime number?
False
Suppose -50 = -o - 4*o. Let v be 76/(-13) - o/65. Let l(z) = 4*z**2 + z + 5. Is l(v) composite?
True
Suppose 11*f - 2*f - 32715 = 0. Is f a prime number?
False
Is -4 + (-6 - 30328/(-2)) prime?
False
Suppose 8*r = 4*r. Suppose r*b = -3*b + 18. Suppose -b*i = -2472 + 570. Is i composite?
False
Suppose -2*q + 5*m = 16, -q - 17 = 2*q - 4*m. Let y be 20/q*3/(-2). Is (5 - 4)*(1 + y) prime?
True
Suppose 0 = 37*l - 36*l - 880. Suppose -f = -n - 579, 3*f + 10 = -2*f. Let h = n + l. Is h a composite number?
True
Suppose 0 = -r + 4*c + 8883, -5*r - 4*c + 22076 = -22459. Is r a prime number?
False
Suppose -8657 - 14101 = -6*q. Is q prime?
True
Let g = 172 - 44. Suppose g = 5*q - 27. Is q prime?
True
Suppose -3*k + 3*i + 963 = 0, -k - i = 2*k - 967. Let f = -57 + k. Is f a prime number?
False
Let r = -625 + 1100. Let o = 208 + r. Is o composite?
False
Suppose -2*q = 2*c - 28, 0 = 4*c - 5*c + 4*q - 11. Let t be (0/(-1))/(9/c). Suppose t*j = -4*j + 644. Is j a composite number?
True
Is (-19)/(95/(-13570)) + 4 + 1 composite?
False
Let v(o) = 237*o - 209*o + 197*o + 1. Is v(8) a prime number?
True
Is (-14242)/(-7)*-1*56/(-16) a prime number?
True
Let u(b) be the second derivative of -9*b**5/10 + b**4/6 + b**3/3 + b**2/2 - 2*b. Suppose -2*w - 8 = 2*w. Is u(w) a prime number?
True
Suppose -5*t + 3129 + 3451 = 0. Is 5/(20/t) + 2 a prime number?
True
Suppose 21*g + 6 = 24*g. Is (g/((-24)/460))/(2/(-6)) composite?
True
Let x be -3 + -4 + 616 - 4. Let t = x - -272. Is t composite?
False
Let i(y) = 68*y**2 - 2*y - 1. Let p be i(-3). Let z(n) = n**2 - 48*n + 326. Let a be z(40). Is -3 + p + a/(-2) a composite number?
True
Let s = 20 + 480. Let r = -321 + s. Is r composite?
False
Let h(l) be the second derivative of l**5/20 + 3*l**4/4 - l**3/3 + l**2 + 4*l. Let z be h(-9). Is (-3)/(-15) - (-1536)/z a composite number?
True
Let q = 3 + -1. Let b(a) = -a + 20. Let o be b(16). Suppose -n = n - q*l - 416, -2*n + o*l = -410. Is n a prime number?
True
Suppose 2*t - 82 = -0*t + 3*b, 0 = -3*t - 4*b + 140. Is 4/22 + (1 - (-111840)/t) prime?
True
Let v(m) = -m - 6. Suppose 10*o = o - 27. Let t be v(o). Is t*(-3 - -2)*31 a prime number?
False
Let o(w) = -710*w + 401*w - 9 - 1351*w. Is o(-1) a composite number?
True
Suppose 29*w - 63170 = -4*i + 32*w, 31590 = 2*i - 4*w. Is i prime?
True
Let m be (-3)/(-9) - (0 + 52/12). Is -3 + 447*m/(-6) a prime number?
False
Let v(d) = -d**2 - d + 19. Let x(p) = -p**3 + 7*p**2 + 7*p + 8. Let t be x(8). Let f be t/((-4 - -3)*-1). Is v(f) composite?
False
Let j(r) = -r**3 + 16*r**2 + 41*r - 63. Is j(13) a composite number?
False
Suppose 7 = 2*g - g + 5*b, -5*g - 4*b = -14. Suppose 0 - 4 = -4*s, 11 = 4*p + 3*s. Suppose t = p*d - 825, 0 = d + t + g*t - 416. Is d a composite number?
True
Suppose 2488 = 2*z + 932. Is z prime?
False
Suppose 66863 = 36*n - 640357. Is n composite?
True
Suppose -w = -4*r + 52601, 19*r = 16*r - 2*w + 39459. Is r composite?
False
Let x = -9048 + 21637. Is x a prime number?
True
Suppose 5*x + 3*y + 8 = 40, 0 = -3*x + 4*y - 4. Is (0 - -266) + ((-4)/1)/x a composite number?
True
Suppose -4224 = -4*q - 2*k, -5*q + 2*k = -7*q + 2116. Let t = q - 752. Is t prime?
False
Let i(o) = o**3 + o**2 - 6*o - 5. Suppose g - 5*g = -2*b - 54, -4*b - 12 = 0. Let j = g + -6. Is i(j) composite?
False
Let x be (-6)/(-21) + 48120/42. Is -1*(x + 5)*(1 - 2) composite?
False
Let t(x) = 7*x**2 + 2*x - 5. Let l be t(-3). Let h(s) = -24 + 6*s - 21 + l. Is h(4) composite?
False
Suppose 0 = -2*x - 7 + 33. Let f = x + -9. Is (-4833)/(-63) - f/(-14) prime?
False
Is (1 - -1254) + (-8 + 6 - -6) composite?
False
Let o(n) = n**2 + 10*n - 6. Let k be o(-11). Suppose 4*a + 9 = j - 34, k*j = -a - 16. Is (-3 + 0/1)*a a prime number?
False
Let o = -777 - -530. Let u = o - -554. Let k = 638 - u. Is k a prime number?
True
Let f = 33290 + -18513. Is f a composite number?
True
Suppose -5*o + 1615 + 6845 = 0. Suppose